e
Is 873019 prime?
False
Is 28184785 a prime number?
False
Is 71044093 a prime number?
True
Is 18638729 a prime number?
False
Is 330787 composite?
False
Is 111515191 composite?
True
Is 114624803 a prime number?
False
Is 67431857 prime?
False
Is 7093551 composite?
True
Is 20147963 composite?
True
Is 953753 a composite number?
True
Is 212390053 prime?
False
Is 5306867 a prime number?
False
Is 6086477 composite?
True
Is 14622547 a composite number?
False
Is 86405233 prime?
False
Is 618227 composite?
False
Is 50569179 a composite number?
True
Is 3191179 a composite number?
False
Is 3595247 a composite number?
False
Is 485783549 a composite number?
False
Is 17630117 a prime number?
True
Is 6923107 composite?
True
Is 1918733 a prime number?
True
Is 16219481 prime?
True
Is 2403809 a prime number?
True
Is 192054731 prime?
False
Is 27742513 a prime number?
True
Is 84029 prime?
False
Is 323579077 prime?
True
Is 2304581 composite?
False
Is 7351261 a composite number?
False
Is 24365459 composite?
False
Is 1582487 composite?
True
Is 1388690857 a prime number?
False
Is 2994923 a composite number?
False
Is 9556507 prime?
True
Is 569839 composite?
False
Is 257693 composite?
True
Is 9881801 prime?
False
Is 96276407 a composite number?
False
Is 26866141 a prime number?
True
Is 774643 a composite number?
False
Is 72958453 composite?
True
Is 240949327 prime?
True
Is 22696361 a prime number?
True
Is 3932327 a prime number?
False
Is 71881379 a prime number?
True
Is 31381739 a composite number?
False
Is 257539 a prime number?
True
Is 1066763 a prime number?
False
Is 9562609 prime?
False
Is 1831171 prime?
True
Is 13425341 a prime number?
True
Is 1297103 a composite number?
False
Is 11013539 composite?
False
Is 114135838 a composite number?
True
Is 25811647 a composite number?
False
Is 147270047 prime?
True
Is 68250953 a composite number?
True
Is 6339721 composite?
False
Is 25997645 a prime number?
False
Is 78061237 a prime number?
True
Is 184921123 prime?
True
Is 20981 composite?
False
Is 964606811 a prime number?
False
Is 20730001 a prime number?
False
Is 470209889 prime?
True
Is 30403 a composite number?
False
Is 5618831 a prime number?
False
Is 11687773 composite?
True
Is 1778400029 prime?
False
Is 36861131 a prime number?
False
Is 28241671 a prime number?
True
Is 968031199 composite?
True
Is 1031333 prime?
False
Is 31901521 a prime number?
True
Is 4255351 a composite number?
False
Is 18421483 composite?
False
Is 11346971 a composite number?
True
Is 528630829 prime?
True
Is 114104687 prime?
False
Is 315373 a composite number?
False
Is 13653047 prime?
False
Is 16696886 a composite number?
True
Is 17916386 a composite number?
True
Is 1421323 a prime number?
False
Is 153872309 composite?
False
Is 26841097 composite?
True
Is 207877583 prime?
True
Is 21908899 prime?
True
Is 7860407 a prime number?
True
Is 183119831 prime?
True
Is 1528897 a composite number?
False
Is 4406471 composite?
True
Is 27333503 prime?
True
Is 8618227 composite?
True
Is 77256301 a prime number?
True
Is 44416513 a composite number?
False
Is 52657751 prime?
True
Is 50392627 prime?
True
Is 21870967 prime?
True
Is 10096757 a composite number?
True
Is 9498403 prime?
True
Is 8411677 a composite number?
False
Is 3675335 composite?
True
Is 2490341 composite?
True
Is 784526809 a prime number?
False
Is 5802019 a prime number?
False
Is 246497 a prime number?
True
Is 27046406 a prime number?
False
Is 1778719 composite?
False
Is 7086451 prime?
True
Is 6794813 composite?
False
Is 4379797 composite?
False
Is 1489031 a prime number?
True
Is 7145374 composite?
True
Is 1457677 a composite number?
True
Is 26573149 prime?
False
Is 1313761 prime?
True
Is 21007499 a prime number?
True
Is 471749 a composite number?
False
Is 3834797 a prime number?
True
Is 4188533 prime?
True
Is 78538469 prime?
False
Is 5728631 a composite number?
True
Is 75912605 a prime number?
False
Is 18949069 a prime number?
False
Is 49978163 a prime number?
True
Is 5768503 composite?
True
Is 2512813 a composite number?
False
Is 6125837 composite?
True
Is 1710997 a composite number?
False
Is 9563399 prime?
False
Is 13611209 composite?
False
Is 164080417 composite?
True
Is 13644803 composite?
True
Is 6503771 a composite number?
False
Is 7841071 prime?
False
Is 2200093 a composite number?
True
Is 2446841 prime?
True
Is 1393531 a composite number?
True
Is 42747821 composite?
True
Is 125002157 a prime number?
False
Is 116043779 composite?
False
Is 6137687 composite?
False
Is 45920447 a composite number?
False
Is 123512573 composite?
False
Is 428297 a prime number?
True
Is 61648759 a prime number?
True
Is 302891 a prime number?
True
Is 399026585 a composite number?
True
Is 1079569477 a prime number?
False
Is 21468277 composite?
False
Is 9077123 composite?
True
Is 19454603 composite?
True
Is 1336381 a composite number?
True
Is 1421867 a prime number?
True
Is 11290413 composite?
True
Is 1192327 prime?
True
Is 373052779 a composite number?
True
Is 1505873 a composite number?
False
Is 60493 a prime number?
True
Is 518245513 a prime number?
True
Is 3284441 composite?
False
Is 967709 a composite number?
False
Is 127886131 prime?
False
Is 632017081 composite?
True
Is 114716657 a composite number?
True
Is 33891271 prime?
True
Is 249494761 a composite number?
False
Is 191635399 a composite number?
False
Is 258782461 prime?
False
Is 997681 a composite number?
False
Is 8292451 composite?
False
Is 57060761 prime?
True
Is 88229731 a composite number?
False
Is 72892123 composite?
False
Is 1140281 a composite number?
False
Is 534434183 prime?
False
Is 26762941 prime?
True
Is 8145161 a prime number?
False
Is 1219991 composite?
False
Is 376283 composite?
False
Is 572793901 composite?
False
Is 218311789 composite?
True
Is 9425041 a composite number?
True
Is 837832039 a prime number?
False
Is 460871 a composite number?
False
Is 12382399 a composite number?
False
Is 327059 composite?
False
Is 423838291 composite?
True
Is 5110333 composite?
True
Is 4217687 a prime number?
False
Is 2126611 a composite number?
False
Is 36250289 prime?
True
Is 23217085 prime?
False
Is 3433207 a prime number?
True
Is 30732931 prime?
False
Is 647329 a prime number?
False
Is 2829217 a prime number?
True
Is 3209861 a prime number?
False
Is 50832539 prime?
True
Is 471889 prime?
False
Is 243023 composite?
True
Is 141958571 prime?
True
Is 63351797 a prime number?
False
Is 61406143 composite?
False
Is 28299599 a prime number?
True
Is 3632171 prime?
True
Is 3441649 prime?
True
Is 10412683 a prime number?
False
Is 797857 a prime number?
False
Is 1949251 a prime number?
True
Is 69637939 a composite number?
True
Is 1388357 prime?
True
Is 1047586 prime?
False
Is 39855049 a composite number?
True
Is 64151 a prime number?
True
Is 682597 composite?
False
Is 23774629 prime?
False
Is 1059179 prime?
False
Is 4988983 composite?
False
Is 6276047 composite?
False
Is 41086141 a prime number?
False
Is 3713239 a composite number?
False
Is 196547831 composite?
False
Is 8086909 prime?
False
Is 41787001 prime?
True
Is 1181483653 prime?
False
Is 740917 composite?
True
Is 2589919 a prime number?
False
Is 142619 a composite number?
False
Is 2161717 a composite number?
True
Is 35854483 a prime number?
False
Is 44443313 a composite number?
True
Is 5102353 a composite number?
False
Is 45266005 a composite number?
True
Is 3156863 prime?
False
Is 44003 prime?
False
Is 248234579 a prime number?
False
Is 498925441 a prime number?
False
Is 1084189 prime?
False
Is 301073083 prime?
True
Is 4015711 a composite number?
True
Is 143324639 a composite number?
True
Is 926291 composite?
True
Is 234056447 a prime number?
True
Is 16524923 a prime number?
False
Is 10552345 prime?
False
Is 42596987 composite?
False
Is 69157433 composite?
False
Is 26136455 a composite number?
True
Is 38945651 prime?
False
Is 16685789 a prime number?
False
Is 3877021 composite?
True
Is 214083413 prime?
False
Is 2181937 prime?
True
Is 285545269 prime?
True
Is 82676449 a prime number?
False
Is 675953 a composite number?
True
Is 9823757 composite?
False
Is 16732853 a composite number?
True
Is 256967734 a prime number?
False
Is 272543461 a prime number?
True
Is 1530059 prime?
False
Is 134232977 prime?
False
Is 7465861 a prime number?
False
Is 33257879 composite?